-4*f**3 - 5*f**2 + 5*f - 3. Let m(p) = -4*l(p) + 5*r(p). Give m(0).
2
Let g = 43 + -10. Let z be g/(-6) + (-2)/(-4). Let h = z + 0. Let u(d) = -d**2 - 3*d + 7. Determine u(h).
-3
Let u(z) = z + 7. Let o(t) = 1. Let s(v) = 6*o(v) - u(v). Determine s(4).
-5
Let f(g) = -3*g**2 + g + 1. Let x(i) = -7*i + 18. Let a(v) = 8*v - 19. Let n(j) = -6*a(j) - 7*x(j). Let w be n(11). Give f(w).
-3
Suppose -5*g = -3*r - 8, 4*g = -3*r - g + 32. Let k(v) = -v**3 + 4*v**2 - 2*v + 3. Give k(r).
-5
Suppose -4*n = -4 - 8. Let p(z) = -4*z - n*z + 1 + 3*z + 2*z. Suppose 4*o = v - 1, 5*v + 2*o + 6 = -11. Give p(v).
7
Let t(i) = -2*i. Let a(w) = -w + 1. Let z be a(4). Let d = z + 2. Let m = d - -5. What is t(m)?
-8
Let g = -14 - -15. Let z(w) = -w**2 + 2*w - 1. What is z(g)?
0
Let f(d) = d**2 + 7*d - 5. Let k be (-1 + 0)/((-3)/(-21)). Give f(k).
-5
Let g(q) = q - 3. Let k be g(2). Let l be -1 - (k + (-4)/4). Let z(x) = x**3 + 2*x**2 - x. Determine z(l).
2
Let c(t) = -7*t**3 - 3*t**2 + 13*t - 4. Let a(w) = -w**2 - w. Let q(r) = 4*a(r) - c(r). Let n(l) = 3*l**3 - 8*l + 2. Let m(u) = 9*n(u) - 4*q(u). Calculate m(2).
2
Let x(u) be the first derivative of u**4/4 + 5*u**3/3 + 5*u - 10. What is x(-5)?
5
Suppose 0 = -2*w - 2*x + 22, 4*w = -0*w - 5*x + 47. Let s(h) = -w*h - 2 + 3*h + 3*h. What is s(-4)?
6
Let o(w) = 13 - 4*w + 1 + 3*w. Give o(8).
6
Let a(i) = i - 33. Let s(x) = -8. Let m(r) = 2*a(r) - 9*s(r). Determine m(-6).
-6
Let v(j) = -j**3 + 5*j**2 + 7*j + 3. Let k(f) = -f**3 + 5*f**2 + 7*f + 2. Let h(r) = 7*k(r) - 6*v(r). Determine h(6).
2
Suppose 3*f - 3*q = 18, -10 + 4 = 3*q. Let u(d) = -3*d**2 + 3*d - 2. Let o(g) = 16*g**2 - 15*g + 10. Let z(y) = -2*o(y) - 11*u(y). Calculate z(f).
6
Let b(p) = 6 - 2 + 0*p + p. Let y be b(-6). Let d = y - 1. Let i(l) = -l**3 - 2*l**2 + 2*l - 4. Determine i(d).
-1
Let o(f) = 4*f - 1. Let p be 2/(-7) - (-80)/(-14). Let a = -24 - -16. Let n = p - a. What is o(n)?
7
Suppose -m - 8 = -2. Let w(f) = -f**2 - 6*f + 3. Let v(z) = 5*z**2 + 31*z - 15. Let g(a) = -2*v(a) - 11*w(a). Give g(m).
9
Let u be ((-24)/28)/((-2)/(-14)). Let k(t) = -t**2 - 3*t + 5. Determine k(u).
-13
Let c(w) be the second derivative of 5*w**3/6 - 46*w. Calculate c(2).
10
Let c(v) = -v. Let t(n) = 20*n**2 - 2*n - 4. Let a be t(3). Suppose 4*y - 95 = 5*x, 3*x = 5*y + 61 - a. Suppose -3*o - y = o. Calculate c(o).
5
Let v(k) be the second derivative of k**4/12 - k**3/2 + 3*k**2/2 - 22*k. Give v(2).
1
Let z(c) be the first derivative of -4*c + 50. Let k(m) = m + 7. Let w be 47/(-9) - (-4)/18. Let o(r) = w*z(r) - 3*k(r). What is o(-2)?
5
Let a(c) be the first derivative of -c**4/4 - 5*c**3/3 - 5*c**2/2 + 4*c - 5. Determine a(-4).
8
Let j(u) = 24*u**3 - 2*u**2 + u. Let v(k) = 3*k + 40. Let z be v(-13). Give j(z).
23
Let r(c) = c**3 - 3*c**2 + c + 1. Let z be r(2). Let p be (3/2)/((-12)/(-32)). Let v(k) = 0*k + p*k - 3*k. What is v(z)?
-1
Let t(k) = -2 + 1 - 5*k + 2. Determine t(2).
-9
Let b(u) = -4*u + 4. Suppose 5*d - 15 - 3 = -3*s, -5*s - 7 = -4*d. Determine b(d).
-8
Let f(n) = -6 + 5*n - 6*n + n**2 - 5*n. Let v be (13 + -10)/(3/10) - 4. Calculate f(v).
-6
Let o(w) = w**3 + 4*w**2 - 6*w - 4. Let q be o(-5). Let m(d) = q - 3 + 4 + 2 + 3*d. Suppose 11 = -2*t + b, b - 2*b = 3*t + 4. What is m(t)?
-5
Suppose 2 = -s - 2. Let h be ((-1)/2)/((-2)/s). Let d be 0 + h - (-5 + 5). Let t(w) = w**3 - w**2 - 2*w - 1. Give t(d).
-1
Let r(c) = 11*c**3 + 3*c**2 + 3*c + 3. Let u(v) = 33*v**3 + 10*v**2 + 10*v + 10. Let s be (-1 - -5)*(-8)/16. Let w(f) = s*u(f) + 7*r(f). Determine w(-1).
-10
Let m(i) = -i - 1. Let s(o) = o**3 + 2*o**2 - 3*o - 3. Let f be s(-3). Let v be 2 - (1 - (-4 + 6)). Let l = f + v. Determine m(l).
-1
Let h(c) be the first derivative of 1 + 5*c + 7/2*c**2 + 2/3*c**3. Give h(-4).
9
Suppose -s - s - 3*t = -6, 3*s + t + 5 = 0. Let j(w) = -3*w + 2. Calculate j(s).
11
Suppose -4*g = 4*w - 24, 0*g + 14 = 2*w + g. Let v(c) = -c**2 + 7*c + 2. What is v(w)?
-6
Let n(g) = -3*g**2 + g**3 + g - g**2 - 2*g**3 - 5*g. Determine n(-3).
3
Let o(m) be the second derivative of m**4/12 - 2*m**3/3 + 5*m**2/2 - 7*m. What is o(5)?
10
Suppose 0 = 2*r + v - 10, v = r - 2 - 6. Let s be (-69)/(-15) - r/10. Let a(n) = -n**2 + 3*n - 3. Give a(s).
-7
Let c(k) be the third derivative of 0*k - 1/2*k**3 - 8*k**2 - 5/24*k**4 + 0 + 1/60*k**5. Determine c(3).
-9
Let a be 0/2 - (0 - 2). Suppose -4*z - 2*u = -6*u, z - 4*u + 3 = 0. Let y(g) = -g - a - z + 0*g. Give y(0).
-3
Let l(t) = t + 8. Let u = -1 + 4. Suppose u*d = -d. Let c(y) = y. Let o be c(d). What is l(o)?
8
Let u(a) = 2*a - 2. Let f(c) = c + 20. Let j be f(-15). What is u(j)?
8
Let r(k) = 159 + 3*k - 156 - 4*k. Determine r(10).
-7
Let u(l) = -l**3 - 30*l**2 - 30*l - 29. Let f be u(-29). Let a(c) = -c - 4. Give a(f).
-4
Let a be 12/18*(-18)/(-4). Let c be 0 + (-4 + 3)*a. Let t(i) = -i**3 - 4*i**2 - 4*i. Determine t(c).
3
Let p(x) = x**2 - 14*x + 1. Let n(j) = -j - 1. Let o(k) = -5*n(k) + p(k). Calculate o(6).
-12
Let h(q) = -q**3 + 6*q**2 - 8*q + 5. Let i(n) = n + 1. Suppose 0*w + 28 = 4*w. Let j = 11 - w. Let y be i(j). Calculate h(y).
-10
Suppose 6*b - 35 = -2*g + b, -15 = -4*g + b. Suppose u + g = 2*u. Suppose -3*k - 16 = -2*a - 0*a, 3*a = u*k + 26. Let y(h) = h - 2. What is y(a)?
0
Let n(x) = -4*x**2 - x + 3. Let g(u) = 13*u**2 + 2*u - 9. Let t(v) = 2*g(v) + 7*n(v). Suppose 0 = -5*p + 5*z + 5, -z = 3*p - 3*z + 1. What is t(p)?
-6
Let p(y) = 11*y + 5. Let u(s) = 11*s + 3. Let v(h) = 2*p(h) - 3*u(h). What is v(-1)?
12
Let a(l) be the third derivative of -l**5/60 + l**4/8 + l**3/2 + 6*l**2. Give a(5).
-7
Suppose 11 + 1 = 2*p. Let t(c) = -3*c + 0*c**2 + 0*c**3 - 2*c + p*c**2 - 3 - c**3. Calculate t(4).
9
Let j(u) be the second derivative of -u**4/6 - u**3/6 - u**2/2 - 4*u. Suppose 2*t = 4*t. Let w = -2 + t. What is j(w)?
-7
Let b(o) = -5 + 2*o + o + o - 5*o. Calculate b(-6).
1
Let f(s) be the third derivative of s**5/60 + 7*s**4/24 - 5*s**3/3 + 30*s**2. What is f(-7)?
-10
Let h(q) = -q**2 - 4*q - 2. Let c be h(-3). Let u(w) = -w**2 - 2*w + 1. Determine u(c).
-2
Suppose -4*c - 2*a = -12, 4*c - 12 = 3*a + a. Let q(d) be the second derivative of 0 - d - 1/3*d**3 - d**2. Give q(c).
-8
Let o(u) = u**2 + u - u**2 + 7*u**3 + 248 - 247. Give o(-1).
-7
Let n(c) = -3*c**3 + 23*c**2 - 14*c + 2. Let z(k) = k**3 - 8*k**2 + 5*k - 1. Let r(m) = 3*n(m) + 8*z(m). Calculate r(2).
6
Suppose 4*g + g - 25 = 0. Suppose g*v + 23 = -2*c + 4, -c + 13 = -2*v. Let i(d) = -d + 1. Determine i(v).
6
Let h = 2 - -1. Let z(s) be the first derivative of -s**4/12 + s**3/6 + 2*s**2 - s - 1. Let q(k) be the first derivative of z(k). Calculate q(h).
-2
Let v(j) = j - 10. Let k(g) = g - 10. Let l(d) = 3*k(d) - 2*v(d). Let p be l(12). Let z(m) = -m**2 - m + 1. Calculate z(p).
-5
Suppose 0 = -8*t - 2*t - 60. Let y(j) = j**3 + 5*j**2 - 4*j + 8. Give y(t).
-4
Let o(f) be the second derivative of 5*f**3/6 + f**2/2 - 68*f - 1. Let v(a) = -a**3 - 5*a**2 - 3*a + 2. Let n be v(-4). What is o(n)?
-9
Let f(y) be the first derivative of -3/2*y**2 - 4/3*y**3 + 2*y + 2 - 1/4*y**4. Let v = -1 - 2. What is f(v)?
2
Let v be 17/4 - (-7)/(-28). Let u(h) = h + 2*h + 0*h - v*h. What is u(3)?
-3
Let f(b) be the third derivative of b**6/120 - b**5/30 - b**4/12 - b**3/6 + 3*b**2. Suppose 3*z + 5 = -2*z. Calculate f(z).
-2
Let k(c) = -21 - 2*c + 2 + 12. What is k(-7)?
7
Let m(q) = q**3 + 6*q**2 - q - 1. Let h = 7 - 13. Calculate m(h).
5
Let x(b) = b**3 + b**2 + 6*b - 13. Let g(t) = -2*t**3 - 3*t**2 - 13*t + 27. Let y(u) = -6*g(u) - 13*x(u). Give y(5).
7
Suppose 0 = t + 5*o + 7, -o = -4*t + 3*o - 4. Let l(m) = m. Let g(a) = a. Let n(k) = -6*g(k) + 7*l(k). Calculate n(t).
-2
Let b(n) = -n**2 - 4*n - 5. Let g(w) = 1. Let k(l) = b(l) + 3*g(l). What is k(-4)?
-2
Let x(d) = 6*d - 7. Let j(l) = l**2 - l - 1. Let s(c) = j(c) - x(c). Determine s(5).
-4
Let l(r) = -r**3 + 2*r**2 + r - 1. Let i(c) = 7*c**3 - 11*c**2 - 5*c + 10. Let a(g) = i(g) + 6*l(g). Give a(-3).
-17
Let g(x) = 3*x + 1. Suppose 0 = -6*k - 214 + 226. Give g(k).
7
Let n = -1 + -2. Suppose 2 = -4*x + 2*p, 5*x - p - 3 = x. Let j = n + x. Let f(i) = -11*i**2. Calculate f(j).
-11
Let t(i) be the third derivative of -i**7/1260 + i**6/144 - i**4/8 - 8*i**2. Let o(p) be the second derivative of t(p). What is o(4)?
-12
Let y(d) = d + 5*d - d + d**2. Let m = -21